{"id":440,"date":"2018-08-16T13:33:38","date_gmt":"2018-08-16T13:33:38","guid":{"rendered":"http:\/\/civilresilience.net\/?page_id=440"},"modified":"2026-02-22T13:30:36","modified_gmt":"2026-02-22T12:30:36","slug":"themen","status":"publish","type":"page","link":"https:\/\/civilresilience.net\/de\/themen\/","title":{"rendered":"Themen"},"content":{"rendered":"\n<p><strong>Artikel &#038; Beitr\u00e4ge <\/strong>-> <a href=\"https:\/\/civilresilience.net\/de\/category\/articles\/\">\u00dcberblick<\/a><\/p>\n\n\n\n<p><strong>Ver\u00f6ffentlichungen:<\/strong> -> <a href=\"https:\/\/civilresilience.net\/de\/category\/veroeffentlichungen\/\" data-type=\"category\" data-id=\"9\">\u00dcberblick<\/a><\/p>\n\n\n\n<p><strong>Kompetenzen<strong>:<\/strong><\/strong> Kompetenzen, Kompetenzdimensionen, Fachkr\u00e4fte, au\u00dferschulische Bildung -> <a href=\"https:\/\/civilresilience.net\/category\/competences\" data-type=\"category\" data-id=\"5\">\u00dcberblick<\/a><\/p>\n\n\n\n<p><strong>Digitale Transformation:<\/strong> Digitalisierung, digitale Kompetenzen, Mitgestaltung der digitalen Transformation -> <a href=\"https:\/\/civilresilience.net\/de\/category\/digitale-transformation\/\" data-type=\"category\" data-id=\"7\">\u00dcberblick<\/a><\/p>\n\n\n\n<p><strong>Partizipation:<\/strong> Urban Commons, Partizipation, gesellschaftliches Engagement, Projektentwicklung -> <a href=\"https:\/\/civilresilience.net\/de\/category\/participation-co-creation\/\" data-type=\"category\" data-id=\"5\">\u00dcberblick<\/a><\/p>\n\n\n\n<p><strong>Bildung &#038; Lernen:<\/strong> Entrepreneurship, Kreativit\u00e4t, Lebenslanges Lernen, Kompetenzen, Mentoring -> <a href=\"https:\/\/civilresilience.net\/de\/category\/learning\/\" data-type=\"category\" data-id=\"11\">\u00dcberblick<\/a><\/p>\n\n\n\n<p><strong>Social impact: <\/strong>-> <a href=\"https:\/\/civilresilience.net\/de\/category\/social-impact\/\" data-type=\"category\" data-id=\"25\">\u00dcberblick<\/a><\/p>\n\n\n\n<p><strong>Mittel- und Osteuropa:<\/strong> -><a href=\"https:\/\/civilresilience.net\/de\/category\/moe\/\" data-type=\"category\" data-id=\"26\">\u00dcberblick<\/a><\/p>\n","protected":false},"excerpt":{"rendered":"<p>Artikel &#038; Beitr\u00e4ge -> \u00dcberblick Ver\u00f6ffentlichungen: -> \u00dcberblick Kompetenzen: Kompetenzen, Kompetenzdimensionen, Fachkr\u00e4fte, au\u00dferschulische Bildung -> \u00dcberblick Digitale Transformation: Digitalisierung, digitale Kompetenzen, Mitgestaltung der digitalen Transformation -> \u00dcberblick Partizipation: Urban Commons, Partizipation, gesellschaftliches Engagement, Projektentwicklung -> \u00dcberblick Bildung &#038; Lernen: Entrepreneurship, Kreativit\u00e4t, Lebenslanges Lernen, Kompetenzen, Mentoring -> \u00dcberblick Social impact: -> \u00dcberblick Mittel- und Osteuropa: ->\u00dcberblick<\/p>\n","protected":false},"author":1,"featured_media":0,"parent":0,"menu_order":0,"comment_status":"closed","ping_status":"closed","template":"","meta":{"footnotes":""},"class_list":["post-440","page","type-page","status-publish","hentry"],"_links":{"self":[{"href":"https:\/\/civilresilience.net\/de\/wp-json\/wp\/v2\/pages\/440","targetHints":{"allow":["GET"]}}],"collection":[{"href":"https:\/\/civilresilience.net\/de\/wp-json\/wp\/v2\/pages"}],"about":[{"href":"https:\/\/civilresilience.net\/de\/wp-json\/wp\/v2\/types\/page"}],"author":[{"embeddable":true,"href":"https:\/\/civilresilience.net\/de\/wp-json\/wp\/v2\/users\/1"}],"replies":[{"embeddable":true,"href":"https:\/\/civilresilience.net\/de\/wp-json\/wp\/v2\/comments?post=440"}],"version-history":[{"count":0,"href":"https:\/\/civilresilience.net\/de\/wp-json\/wp\/v2\/pages\/440\/revisions"}],"wp:attachment":[{"href":"https:\/\/civilresilience.net\/de\/wp-json\/wp\/v2\/media?parent=440"}],"curies":[{"name":"wp","href":"https:\/\/api.w.org\/{rel}","templated":true}]}}

<p><strong>Artikel &#038; Beiträge </strong>-> <a href="https://civilresilience.net/de/category/articles/">Überblick</a></p>



<p><strong>Veröffentlichungen:</strong> -> <a href="https://civilresilience.net/de/category/veroeffentlichungen/" data-type="category" data-id="9">Überblick</a></p>



<p><strong>Kompetenzen<strong>:</strong></strong> Kompetenzen, Kompetenzdimensionen, Fachkräfte, außerschulische Bildung -> <a href="https://civilresilience.net/category/competences" data-type="category" data-id="5">Überblick</a></p>



<p><strong>Digitale Transformation:</strong> Digitalisierung, digitale Kompetenzen, Mitgestaltung der digitalen Transformation -> <a href="https://civilresilience.net/de/category/digitale-transformation/" data-type="category" data-id="7">Überblick</a></p>



<p><strong>Partizipation:</strong> Urban Commons, Partizipation, gesellschaftliches Engagement, Projektentwicklung -> <a href="https://civilresilience.net/de/category/participation-co-creation/" data-type="category" data-id="5">Überblick</a></p>



<p><strong>Bildung &#038; Lernen:</strong> Entrepreneurship, Kreativität, Lebenslanges Lernen, Kompetenzen, Mentoring -> <a href="https://civilresilience.net/de/category/learning/" data-type="category" data-id="11">Überblick</a></p>



<p><strong>Social impact: </strong>-> <a href="https://civilresilience.net/de/category/social-impact/" data-type="category" data-id="25">Überblick</a></p>



<p><strong>Mittel- und Osteuropa:</strong> -><a href="https://civilresilience.net/de/category/moe/" data-type="category" data-id="26">Überblick</a></p>

<p>Artikel &#038; Beiträge -> Überblick Veröffentlichungen: -> Überblick Kompetenzen: Kompetenzen, Kompetenzdimensionen, Fachkräfte, außerschulische Bildung -> Überblick Digitale Transformation: Digitalisierung, digitale Kompetenzen, Mitgestaltung der digitalen Transformation -> Überblick Partizipation: Urban Commons, Partizipation, gesellschaftliches Engagement, Projektentwicklung -> Überblick Bildung &#038; Lernen: Entrepreneurship, Kreativität, Lebenslanges Lernen, Kompetenzen, Mentoring -> Überblick Social impact: -> Überblick Mittel- und Osteuropa: ->Überblick</p>
